{"id":8238,"date":"2020-05-13T08:32:28","date_gmt":"2020-05-13T08:32:28","guid":{"rendered":"http:\/\/www.editris2000.it\/?post_type=product&#038;p=8238"},"modified":"2024-10-23T11:26:08","modified_gmt":"2024-10-23T11:26:08","slug":"san-giovanni-battista-di-cirie","status":"publish","type":"product","link":"http:\/\/www.editris2000.it\/?product=san-giovanni-battista-di-cirie","title":{"rendered":"San Giovanni Battista di Ciri\u00e9"},"content":{"rendered":"<p>Il volume San Giovanni Battista di Ciri\u00e9 raccoglie la storia lunga settecento anni di questa chiesa, un lavoro realizzato grazie alla collaborazione di un gruppo di giovani ricercatori laureati in architettura, storia e storia dell\u2019arte, che hanno messo a disposizione le loro professionalit\u00e0 e competenze.<br \/>\nIl libro costruisce una sorta di racconto nei secoli della storia e delle opere d\u2019arte conservate in questa chiesa e ha come scenario la citt\u00e0 di Ciri\u00e9 e la sua comunit\u00e0.<\/p>\n<p><strong>Indice<\/strong><br \/>\nDalle origini al Cinquecento: Ciri\u00e9 e il suo sviluppo urbanistico e religioso, <em>Gianfranco Ballesio.<\/em><br \/>\n&#8211; Cristo Crocifisso con Isaia, San Giovanni Evangelista, Abramo, Maria Vergine e Dio Padre.<br \/>\nLa chiesa tra Cinquecento e Seicento: altari e devozioni, <em>Martina Calvetti.<\/em><br \/>\n&#8211; San Ciriaco.<br \/>\n&#8211; Polittico con il Battesimo di Cristo.<br \/>\nL\u2019antico convento di Santa Maria delle Grazie dei Padri Agostiniani, <em>Martina Calvetti, Cecilia Veronese.<\/em><br \/>\n&#8211; Assunzione e Incoronazione della Vergine.<br \/>\n&#8211; Madonna del Popolo.<br \/>\n&#8211; Deposizione del Cristo morto con la Vergine Maria, Giuseppe d\u2019Arimatea, Nicodemo, San Giovanni e un Agostiniano.<br \/>\nIl Settecento a Ciri\u00e9: storia, arte e fede, <em> Cecilia Veronese.<\/em><br \/>\n&#8211; Nuovi documenti per Bernardo Vittone: il progetto per l\u2019altare maggiore di San Giovanni Battista a Ciri\u00e9.<br \/>\nLa chiesa di Santo Spirito, <em>Martina Calvetti, Cecilia Veronese.<\/em><br \/>\n&#8211; San Francesco sostenuto da due angeli.<br \/>\n&#8211; Maria Vergine Addolorata con Cristo deposto dalla Croce; Maria Vergine Addolorata.<br \/>\nL\u2019Ottocento: San Giovanni si \u201cmoderna\u201d, <em>Giorgio Nepote Vesin.<\/em><br \/>\n&#8211; Modelli per il Borgo Medievale di Torino: il San Giovanni Battista di Ciri\u00e9.<br \/>\nCatturare la devozione: la fotografia per documentare la fede a Ciri\u00e9 nel XX secolo, <em>Giorgio Nepote Vesin, Pier Vittorio Zorzi.<\/em><br \/>\n&#8211; Rettori e Vicari di San Giovanni Battista: dalle origini ai giorni nostri.<br \/>\nItinerari d\u2019arte.<br \/>\n&#8211; Dal campanile di San Martino alla facciata del duomo di San Giovanni Battista: per un itinerario della terracotta architettonica a Ciri\u00e9, <em>Simone Bocchio Vega.<\/em><br \/>\n&#8211; La cappella della Beata Vergine Maria e il corredo degli affreschi medievali della parrocchiale di San Giovanni Battista, <em>Simone Bonicatto.<\/em><br \/>\n&#8211; Tesori riscoperti. Dipinti e sculture dalle chiese di Ciri\u00e9, <em>Gianfranco Ballesio, Martina Calvetti, Cecilia Veronese.<\/em><\/p>\n","protected":false},"excerpt":{"rendered":"<p><span style=\"color: #4274bb;\"><strong>Un viaggio lungo sette secoli tra arte, storia e fede<\/strong><\/span><br \/>\n<em>Committente:<\/em> Parrocchia di San Giovanni Battista di Ciri\u00e8<br \/>\nAutori vari<br \/>\n176 pagine<br \/>\nformato 16,5\u00d724 cm, dorso 1,2 cm<br \/>\ncopertina morbida<br \/>\nillustrato<br \/>\nlingua italiano<br \/>\n<a href=\"https:\/\/www.editris2000.it\/wp-content\/uploads\/2021\/01\/san-giovanni-cirie\u03001_book-gallery.pdf\"><strong>Book Gallery<\/strong><\/a><br \/>\n[vc_separator type=&#8221;transparent&#8221; up=&#8221;2&#8243;]<br \/>\n\u00a9 2020 Editris duemila snc, Torino<br \/>\nISBN-9788889853528<\/p>\n","protected":false},"featured_media":8237,"comment_status":"open","ping_status":"closed","template":"","meta":[],"product_cat":[50],"product_tag":[],"yoast_head":"<!-- This site is optimized with the Yoast SEO plugin v20.9 - https:\/\/yoast.com\/wordpress\/plugins\/seo\/ -->\n<title>San Giovanni Battista di Ciri\u00e9 - Editris2000<\/title>\n<meta name=\"description\" content=\"Il volume San Giovanni Battista di Ciri\u00e9 racconta e documenta sette secoli di storia e delle opere d\u2019arte conservate in questa chiesa.\" \/>\n<meta name=\"robots\" content=\"index, follow, max-snippet:-1, max-image-preview:large, max-video-preview:-1\" \/>\n<link rel=\"canonical\" href=\"http:\/\/www.editris2000.it\/?product=san-giovanni-battista-di-cirie\" \/>\n<meta property=\"og:locale\" content=\"it_IT\" \/>\n<meta property=\"og:type\" content=\"article\" \/>\n<meta property=\"og:title\" content=\"San Giovanni Battista di Ciri\u00e9 - Editris2000\" \/>\n<meta property=\"og:description\" content=\"Il volume San Giovanni Battista di Ciri\u00e9 racconta e documenta sette secoli di storia e delle opere d\u2019arte conservate in questa chiesa.\" \/>\n<meta property=\"og:url\" content=\"http:\/\/www.editris2000.it\/?product=san-giovanni-battista-di-cirie\" \/>\n<meta property=\"og:site_name\" content=\"Editris2000\" \/>\n<meta property=\"article:modified_time\" content=\"2024-10-23T11:26:08+00:00\" \/>\n<meta property=\"og:image\" content=\"http:\/\/www.editris2000.it\/wp-content\/uploads\/2020\/05\/cover-san-giovanni-di-cirie\u0300-WP.jpg\" \/>\n\t<meta property=\"og:image:width\" content=\"698\" \/>\n\t<meta property=\"og:image:height\" content=\"622\" \/>\n\t<meta property=\"og:image:type\" content=\"image\/jpeg\" \/>\n<meta name=\"twitter:card\" content=\"summary_large_image\" \/>\n<meta name=\"twitter:label1\" content=\"Tempo di lettura stimato\" \/>\n\t<meta name=\"twitter:data1\" content=\"2 minuti\" \/>\n<script type=\"application\/ld+json\" class=\"yoast-schema-graph\">{\"@context\":\"https:\/\/schema.org\",\"@graph\":[{\"@type\":\"WebPage\",\"@id\":\"http:\/\/www.editris2000.it\/?product=san-giovanni-battista-di-cirie\",\"url\":\"http:\/\/www.editris2000.it\/?product=san-giovanni-battista-di-cirie\",\"name\":\"San Giovanni Battista di Ciri\u00e9 - Editris2000\",\"isPartOf\":{\"@id\":\"http:\/\/www.editris2000.it\/#website\"},\"datePublished\":\"2020-05-13T08:32:28+00:00\",\"dateModified\":\"2024-10-23T11:26:08+00:00\",\"description\":\"Il volume San Giovanni Battista di Ciri\u00e9 racconta e documenta sette secoli di storia e delle opere d\u2019arte conservate in questa chiesa.\",\"breadcrumb\":{\"@id\":\"http:\/\/www.editris2000.it\/?product=san-giovanni-battista-di-cirie#breadcrumb\"},\"inLanguage\":\"it-IT\",\"potentialAction\":[{\"@type\":\"ReadAction\",\"target\":[\"http:\/\/www.editris2000.it\/?product=san-giovanni-battista-di-cirie\"]}]},{\"@type\":\"BreadcrumbList\",\"@id\":\"http:\/\/www.editris2000.it\/?product=san-giovanni-battista-di-cirie#breadcrumb\",\"itemListElement\":[{\"@type\":\"ListItem\",\"position\":1,\"name\":\"Home\",\"item\":\"http:\/\/www.editris2000.it\/\"},{\"@type\":\"ListItem\",\"position\":2,\"name\":\"Shop\",\"item\":\"https:\/\/www.editris2000.it\/?page_id=253\"},{\"@type\":\"ListItem\",\"position\":3,\"name\":\"San Giovanni Battista di Ciri\u00e9\"}]},{\"@type\":\"WebSite\",\"@id\":\"http:\/\/www.editris2000.it\/#website\",\"url\":\"http:\/\/www.editris2000.it\/\",\"name\":\"Editris2000\",\"description\":\"Editori a Torino dal 1980\",\"potentialAction\":[{\"@type\":\"SearchAction\",\"target\":{\"@type\":\"EntryPoint\",\"urlTemplate\":\"http:\/\/www.editris2000.it\/?s={search_term_string}\"},\"query-input\":\"required name=search_term_string\"}],\"inLanguage\":\"it-IT\"}]}<\/script>\n<!-- \/ Yoast SEO plugin. -->","yoast_head_json":{"title":"San Giovanni Battista di Ciri\u00e9 - Editris2000","description":"Il volume San Giovanni Battista di Ciri\u00e9 racconta e documenta sette secoli di storia e delle opere d\u2019arte conservate in questa chiesa.","robots":{"index":"index","follow":"follow","max-snippet":"max-snippet:-1","max-image-preview":"max-image-preview:large","max-video-preview":"max-video-preview:-1"},"canonical":"http:\/\/www.editris2000.it\/?product=san-giovanni-battista-di-cirie","og_locale":"it_IT","og_type":"article","og_title":"San Giovanni Battista di Ciri\u00e9 - Editris2000","og_description":"Il volume San Giovanni Battista di Ciri\u00e9 racconta e documenta sette secoli di storia e delle opere d\u2019arte conservate in questa chiesa.","og_url":"http:\/\/www.editris2000.it\/?product=san-giovanni-battista-di-cirie","og_site_name":"Editris2000","article_modified_time":"2024-10-23T11:26:08+00:00","og_image":[{"width":698,"height":622,"url":"http:\/\/www.editris2000.it\/wp-content\/uploads\/2020\/05\/cover-san-giovanni-di-cirie\u0300-WP.jpg","type":"image\/jpeg"}],"twitter_card":"summary_large_image","twitter_misc":{"Tempo di lettura stimato":"2 minuti"},"schema":{"@context":"https:\/\/schema.org","@graph":[{"@type":"WebPage","@id":"http:\/\/www.editris2000.it\/?product=san-giovanni-battista-di-cirie","url":"http:\/\/www.editris2000.it\/?product=san-giovanni-battista-di-cirie","name":"San Giovanni Battista di Ciri\u00e9 - Editris2000","isPartOf":{"@id":"http:\/\/www.editris2000.it\/#website"},"datePublished":"2020-05-13T08:32:28+00:00","dateModified":"2024-10-23T11:26:08+00:00","description":"Il volume San Giovanni Battista di Ciri\u00e9 racconta e documenta sette secoli di storia e delle opere d\u2019arte conservate in questa chiesa.","breadcrumb":{"@id":"http:\/\/www.editris2000.it\/?product=san-giovanni-battista-di-cirie#breadcrumb"},"inLanguage":"it-IT","potentialAction":[{"@type":"ReadAction","target":["http:\/\/www.editris2000.it\/?product=san-giovanni-battista-di-cirie"]}]},{"@type":"BreadcrumbList","@id":"http:\/\/www.editris2000.it\/?product=san-giovanni-battista-di-cirie#breadcrumb","itemListElement":[{"@type":"ListItem","position":1,"name":"Home","item":"http:\/\/www.editris2000.it\/"},{"@type":"ListItem","position":2,"name":"Shop","item":"https:\/\/www.editris2000.it\/?page_id=253"},{"@type":"ListItem","position":3,"name":"San Giovanni Battista di Ciri\u00e9"}]},{"@type":"WebSite","@id":"http:\/\/www.editris2000.it\/#website","url":"http:\/\/www.editris2000.it\/","name":"Editris2000","description":"Editori a Torino dal 1980","potentialAction":[{"@type":"SearchAction","target":{"@type":"EntryPoint","urlTemplate":"http:\/\/www.editris2000.it\/?s={search_term_string}"},"query-input":"required name=search_term_string"}],"inLanguage":"it-IT"}]}},"_links":{"self":[{"href":"http:\/\/www.editris2000.it\/index.php?rest_route=\/wp\/v2\/product\/8238"}],"collection":[{"href":"http:\/\/www.editris2000.it\/index.php?rest_route=\/wp\/v2\/product"}],"about":[{"href":"http:\/\/www.editris2000.it\/index.php?rest_route=\/wp\/v2\/types\/product"}],"replies":[{"embeddable":true,"href":"http:\/\/www.editris2000.it\/index.php?rest_route=%2Fwp%2Fv2%2Fcomments&post=8238"}],"wp:featuredmedia":[{"embeddable":true,"href":"http:\/\/www.editris2000.it\/index.php?rest_route=\/wp\/v2\/media\/8237"}],"wp:attachment":[{"href":"http:\/\/www.editris2000.it\/index.php?rest_route=%2Fwp%2Fv2%2Fmedia&parent=8238"}],"wp:term":[{"taxonomy":"product_cat","embeddable":true,"href":"http:\/\/www.editris2000.it\/index.php?rest_route=%2Fwp%2Fv2%2Fproduct_cat&post=8238"},{"taxonomy":"product_tag","embeddable":true,"href":"http:\/\/www.editris2000.it\/index.php?rest_route=%2Fwp%2Fv2%2Fproduct_tag&post=8238"}],"curies":[{"name":"wp","href":"https:\/\/api.w.org\/{rel}","templated":true}]}}