{"id":9329,"date":"2023-05-15T13:12:23","date_gmt":"2023-05-15T13:12:23","guid":{"rendered":"https:\/\/www.editris2000.it\/?post_type=product&#038;p=9329"},"modified":"2024-10-31T13:25:46","modified_gmt":"2024-10-31T13:25:46","slug":"antonio-pizzolante-haiku-o-la-forma-del-vuoto","status":"publish","type":"product","link":"http:\/\/www.editris2000.it\/?product=antonio-pizzolante-haiku-o-la-forma-del-vuoto","title":{"rendered":"Antonio Pizzolante Haiku o la forma del vuoto"},"content":{"rendered":"<p>Nell\u2019anno topico del proprio venticinquesimo di fondazione, l\u2019Universit\u00e0 degli Studi dell\u2019Insubria accetta una duplice sfida: quella di riprendere, dopo la crisi pandemica, il cammino delle mostre nella sede del Rettorato di via Ravasi, a Varese; e quella di occuparsi di un artista vivente e, dunque, in vitale evoluzione concettuale e formale, quale Antonio Pizzolante.<br \/>\nSi tratta di una personalit\u00e0 complessa, di radici mediterranee, ma di forte contatto con l\u2019estremo Oriente, in specie col Giappone: e gi\u00e0 questo depone a favore del respiro internazionale che sempre pi\u00f9 l\u2019Ateneo vuole assumere in un mondo che, come si direbbe da quelle parti, \u00e8 sempre pi\u00f9 \u201cstretto\u201d. Poi \u00e8 un artista che produce installazioni: il che da un lato ci lusinga, perch\u00e9 pensa ai suoi lavori in funzione del dialogo con gli spazi universitari, dall\u2019altro pone difficili sfide logistiche alla nostra sede, s\u00ec monumentale ma non pensata per mostre. E qui apro una parentesi: dopo la codificazione dell\u2019esistente nel libro Il Rettorato dell\u2019Universit\u00e0 degli Studi dell\u2019Insubria. Storia, architettura e arte, che ho avuto l\u2019onore di donare al Presidente della Repubblica, stiamo riorganizzando le collezioni d\u2019arte, sia per dare loro un riconoscimento formale (regionale e nazionale), sia per collocarle, ultimato il restauro del sito, nella basilica razionalista che \u00e8 giusto vanto d\u2019Ateneo.<br \/>\nPoi Pizzolante \u00e8 un artista per lo pi\u00f9 aniconico, quindi di approccio non elementare: \u00e8 impattante, ma va spiegato e questo implica la vocazione didattica e didascalica che \u00e8 propria dell\u2019Universit\u00e0. Andrea Spiriti, Laura Facchin e Massimiliano Ferrario ci hanno restituito un tema complesso e affascinante che, ne sono certo, sar\u00e0 parte significativa del nostro venticinquennale e contribuir\u00e0, in ottica di Terza Missione e Public Engagement, a quel nesso vitale fra l\u2019Ateneo e la citt\u00e0 al quale ho sempre creduto.<br \/>\n<em>Prof. Angelo Tagliabue Magnifico Rettore<\/em><\/p>\n","protected":false},"excerpt":{"rendered":"<p><em>Committente:<\/em> Universit\u00e0 degli Studi dell&#8217;Insubria &#8211; Varese<br \/>\n<em>Ideazione della mostra:<\/em> Andrea Spiriti e Massimiliano Ferrario<br \/>\n<em>Coordinamento:<\/em> Massimiliano Ferrario<br \/>\n<em>Testi:<\/em> Laura Facchin, Massimiliano Ferrario, Andrea Spiriti<\/p>\n<p>96 pagine<br \/>\nformato 15&#215;21 cm, dorso 0,8 cm<br \/>\ncopertina morbida<br \/>\nlingua: italiano<\/p>\n<p><span style=\"color: #e54148;\"><strong>Versione PDF<\/strong><\/span> (libro stampato non disponibile)<\/p>\n<p>\u00a9 2023 Editris duemila snc, Torino<br \/>\nISBN-9788889853733<\/p>\n","protected":false},"featured_media":9657,"comment_status":"open","ping_status":"closed","template":"","meta":[],"product_cat":[50],"product_tag":[],"yoast_head":"<!-- This site is optimized with the Yoast SEO plugin v20.9 - https:\/\/yoast.com\/wordpress\/plugins\/seo\/ -->\n<title>Antonio Pizzolante Haiku o la forma del vuoto - Editris2000<\/title>\n<meta name=\"robots\" content=\"index, follow, max-snippet:-1, max-image-preview:large, max-video-preview:-1\" \/>\n<link rel=\"canonical\" href=\"http:\/\/www.editris2000.it\/?product=antonio-pizzolante-haiku-o-la-forma-del-vuoto\" \/>\n<meta property=\"og:locale\" content=\"it_IT\" \/>\n<meta property=\"og:type\" content=\"article\" \/>\n<meta property=\"og:title\" content=\"Antonio Pizzolante Haiku o la forma del vuoto - Editris2000\" \/>\n<meta property=\"og:description\" content=\"Committente: Universit\u00e0 degli Studi dell&#039;Insubria - Varese Ideazione della mostra: Andrea Spiriti e Massimiliano Ferrario Coordinamento: Massimiliano Ferrario Testi: Laura Facchin, Massimiliano Ferrario, Andrea Spiriti  96 pagine formato 15x21 cm, dorso 0,8 cm copertina morbida lingua: italiano  Versione PDF (libro stampato non disponibile)  \u00a9 2023 Editris duemila snc, Torino ISBN-9788889853733\" \/>\n<meta property=\"og:url\" content=\"http:\/\/www.editris2000.it\/?product=antonio-pizzolante-haiku-o-la-forma-del-vuoto\" \/>\n<meta property=\"og:site_name\" content=\"Editris2000\" \/>\n<meta property=\"article:modified_time\" content=\"2024-10-31T13:25:46+00:00\" \/>\n<meta property=\"og:image\" content=\"http:\/\/www.editris2000.it\/wp-content\/uploads\/2024\/10\/pizzolante_pdf.jpg\" \/>\n\t<meta property=\"og:image:width\" content=\"698\" \/>\n\t<meta property=\"og:image:height\" content=\"622\" \/>\n\t<meta property=\"og:image:type\" content=\"image\/jpeg\" \/>\n<meta name=\"twitter:card\" content=\"summary_large_image\" \/>\n<meta name=\"twitter:label1\" content=\"Tempo di lettura stimato\" \/>\n\t<meta name=\"twitter:data1\" content=\"2 minuti\" \/>\n<script type=\"application\/ld+json\" class=\"yoast-schema-graph\">{\"@context\":\"https:\/\/schema.org\",\"@graph\":[{\"@type\":\"WebPage\",\"@id\":\"http:\/\/www.editris2000.it\/?product=antonio-pizzolante-haiku-o-la-forma-del-vuoto\",\"url\":\"http:\/\/www.editris2000.it\/?product=antonio-pizzolante-haiku-o-la-forma-del-vuoto\",\"name\":\"Antonio Pizzolante Haiku o la forma del vuoto - Editris2000\",\"isPartOf\":{\"@id\":\"http:\/\/www.editris2000.it\/#website\"},\"datePublished\":\"2023-05-15T13:12:23+00:00\",\"dateModified\":\"2024-10-31T13:25:46+00:00\",\"breadcrumb\":{\"@id\":\"http:\/\/www.editris2000.it\/?product=antonio-pizzolante-haiku-o-la-forma-del-vuoto#breadcrumb\"},\"inLanguage\":\"it-IT\",\"potentialAction\":[{\"@type\":\"ReadAction\",\"target\":[\"http:\/\/www.editris2000.it\/?product=antonio-pizzolante-haiku-o-la-forma-del-vuoto\"]}]},{\"@type\":\"BreadcrumbList\",\"@id\":\"http:\/\/www.editris2000.it\/?product=antonio-pizzolante-haiku-o-la-forma-del-vuoto#breadcrumb\",\"itemListElement\":[{\"@type\":\"ListItem\",\"position\":1,\"name\":\"Home\",\"item\":\"http:\/\/www.editris2000.it\/\"},{\"@type\":\"ListItem\",\"position\":2,\"name\":\"Shop\",\"item\":\"http:\/\/www.editris2000.it\/?page_id=253\"},{\"@type\":\"ListItem\",\"position\":3,\"name\":\"Antonio Pizzolante Haiku o la forma del vuoto\"}]},{\"@type\":\"WebSite\",\"@id\":\"http:\/\/www.editris2000.it\/#website\",\"url\":\"http:\/\/www.editris2000.it\/\",\"name\":\"Editris2000\",\"description\":\"Editori a Torino dal 1980\",\"potentialAction\":[{\"@type\":\"SearchAction\",\"target\":{\"@type\":\"EntryPoint\",\"urlTemplate\":\"http:\/\/www.editris2000.it\/?s={search_term_string}\"},\"query-input\":\"required name=search_term_string\"}],\"inLanguage\":\"it-IT\"}]}<\/script>\n<!-- \/ Yoast SEO plugin. -->","yoast_head_json":{"title":"Antonio Pizzolante Haiku o la forma del vuoto - Editris2000","robots":{"index":"index","follow":"follow","max-snippet":"max-snippet:-1","max-image-preview":"max-image-preview:large","max-video-preview":"max-video-preview:-1"},"canonical":"http:\/\/www.editris2000.it\/?product=antonio-pizzolante-haiku-o-la-forma-del-vuoto","og_locale":"it_IT","og_type":"article","og_title":"Antonio Pizzolante Haiku o la forma del vuoto - Editris2000","og_description":"Committente: Universit\u00e0 degli Studi dell'Insubria - Varese Ideazione della mostra: Andrea Spiriti e Massimiliano Ferrario Coordinamento: Massimiliano Ferrario Testi: Laura Facchin, Massimiliano Ferrario, Andrea Spiriti  96 pagine formato 15x21 cm, dorso 0,8 cm copertina morbida lingua: italiano  Versione PDF (libro stampato non disponibile)  \u00a9 2023 Editris duemila snc, Torino ISBN-9788889853733","og_url":"http:\/\/www.editris2000.it\/?product=antonio-pizzolante-haiku-o-la-forma-del-vuoto","og_site_name":"Editris2000","article_modified_time":"2024-10-31T13:25:46+00:00","og_image":[{"width":698,"height":622,"url":"http:\/\/www.editris2000.it\/wp-content\/uploads\/2024\/10\/pizzolante_pdf.jpg","type":"image\/jpeg"}],"twitter_card":"summary_large_image","twitter_misc":{"Tempo di lettura stimato":"2 minuti"},"schema":{"@context":"https:\/\/schema.org","@graph":[{"@type":"WebPage","@id":"http:\/\/www.editris2000.it\/?product=antonio-pizzolante-haiku-o-la-forma-del-vuoto","url":"http:\/\/www.editris2000.it\/?product=antonio-pizzolante-haiku-o-la-forma-del-vuoto","name":"Antonio Pizzolante Haiku o la forma del vuoto - Editris2000","isPartOf":{"@id":"http:\/\/www.editris2000.it\/#website"},"datePublished":"2023-05-15T13:12:23+00:00","dateModified":"2024-10-31T13:25:46+00:00","breadcrumb":{"@id":"http:\/\/www.editris2000.it\/?product=antonio-pizzolante-haiku-o-la-forma-del-vuoto#breadcrumb"},"inLanguage":"it-IT","potentialAction":[{"@type":"ReadAction","target":["http:\/\/www.editris2000.it\/?product=antonio-pizzolante-haiku-o-la-forma-del-vuoto"]}]},{"@type":"BreadcrumbList","@id":"http:\/\/www.editris2000.it\/?product=antonio-pizzolante-haiku-o-la-forma-del-vuoto#breadcrumb","itemListElement":[{"@type":"ListItem","position":1,"name":"Home","item":"http:\/\/www.editris2000.it\/"},{"@type":"ListItem","position":2,"name":"Shop","item":"http:\/\/www.editris2000.it\/?page_id=253"},{"@type":"ListItem","position":3,"name":"Antonio Pizzolante Haiku o la forma del vuoto"}]},{"@type":"WebSite","@id":"http:\/\/www.editris2000.it\/#website","url":"http:\/\/www.editris2000.it\/","name":"Editris2000","description":"Editori a Torino dal 1980","potentialAction":[{"@type":"SearchAction","target":{"@type":"EntryPoint","urlTemplate":"http:\/\/www.editris2000.it\/?s={search_term_string}"},"query-input":"required name=search_term_string"}],"inLanguage":"it-IT"}]}},"_links":{"self":[{"href":"http:\/\/www.editris2000.it\/index.php?rest_route=\/wp\/v2\/product\/9329"}],"collection":[{"href":"http:\/\/www.editris2000.it\/index.php?rest_route=\/wp\/v2\/product"}],"about":[{"href":"http:\/\/www.editris2000.it\/index.php?rest_route=\/wp\/v2\/types\/product"}],"replies":[{"embeddable":true,"href":"http:\/\/www.editris2000.it\/index.php?rest_route=%2Fwp%2Fv2%2Fcomments&post=9329"}],"wp:featuredmedia":[{"embeddable":true,"href":"http:\/\/www.editris2000.it\/index.php?rest_route=\/wp\/v2\/media\/9657"}],"wp:attachment":[{"href":"http:\/\/www.editris2000.it\/index.php?rest_route=%2Fwp%2Fv2%2Fmedia&parent=9329"}],"wp:term":[{"taxonomy":"product_cat","embeddable":true,"href":"http:\/\/www.editris2000.it\/index.php?rest_route=%2Fwp%2Fv2%2Fproduct_cat&post=9329"},{"taxonomy":"product_tag","embeddable":true,"href":"http:\/\/www.editris2000.it\/index.php?rest_route=%2Fwp%2Fv2%2Fproduct_tag&post=9329"}],"curies":[{"name":"wp","href":"https:\/\/api.w.org\/{rel}","templated":true}]}}

<p>Nell’anno topico del proprio venticinquesimo di fondazione, l’Università degli Studi dell’Insubria accetta una duplice sfida: quella di riprendere, dopo la crisi pandemica, il cammino delle mostre nella sede del Rettorato di via Ravasi, a Varese; e quella di occuparsi di un artista vivente e, dunque, in vitale evoluzione concettuale e formale, quale Antonio Pizzolante.<br />
Si tratta di una personalità complessa, di radici mediterranee, ma di forte contatto con l’estremo Oriente, in specie col Giappone: e già questo depone a favore del respiro internazionale che sempre più l’Ateneo vuole assumere in un mondo che, come si direbbe da quelle parti, è sempre più “stretto”. Poi è un artista che produce installazioni: il che da un lato ci lusinga, perché pensa ai suoi lavori in funzione del dialogo con gli spazi universitari, dall’altro pone difficili sfide logistiche alla nostra sede, sì monumentale ma non pensata per mostre. E qui apro una parentesi: dopo la codificazione dell’esistente nel libro Il Rettorato dell’Università degli Studi dell’Insubria. Storia, architettura e arte, che ho avuto l’onore di donare al Presidente della Repubblica, stiamo riorganizzando le collezioni d’arte, sia per dare loro un riconoscimento formale (regionale e nazionale), sia per collocarle, ultimato il restauro del sito, nella basilica razionalista che è giusto vanto d’Ateneo.<br />
Poi Pizzolante è un artista per lo più aniconico, quindi di approccio non elementare: è impattante, ma va spiegato e questo implica la vocazione didattica e didascalica che è propria dell’Università. Andrea Spiriti, Laura Facchin e Massimiliano Ferrario ci hanno restituito un tema complesso e affascinante che, ne sono certo, sarà parte significativa del nostro venticinquennale e contribuirà, in ottica di Terza Missione e Public Engagement, a quel nesso vitale fra l’Ateneo e la città al quale ho sempre creduto.<br />
<em>Prof. Angelo Tagliabue Magnifico Rettore</em></p>

<p><em>Committente:</em> Università degli Studi dell&#8217;Insubria &#8211; Varese<br />
<em>Ideazione della mostra:</em> Andrea Spiriti e Massimiliano Ferrario<br />
<em>Coordinamento:</em> Massimiliano Ferrario<br />
<em>Testi:</em> Laura Facchin, Massimiliano Ferrario, Andrea Spiriti</p>
<p>96 pagine<br />
formato 15&#215;21 cm, dorso 0,8 cm<br />
copertina morbida<br />
lingua: italiano</p>
<p><span style="color: #e54148;"><strong>Versione PDF</strong></span> (libro stampato non disponibile)</p>
<p>© 2023 Editris duemila snc, Torino<br />
ISBN-9788889853733</p>

<!-- This site is optimized with the Yoast SEO plugin v20.9 - https://yoast.com/wordpress/plugins/seo/ -->
<title>Antonio Pizzolante Haiku o la forma del vuoto - Editris2000</title>
<meta name="robots" content="index, follow, max-snippet:-1, max-image-preview:large, max-video-preview:-1" />
<link rel="canonical" href="http://www.editris2000.it/?product=antonio-pizzolante-haiku-o-la-forma-del-vuoto" />
<meta property="og:locale" content="it_IT" />
<meta property="og:type" content="article" />
<meta property="og:title" content="Antonio Pizzolante Haiku o la forma del vuoto - Editris2000" />
<meta property="og:description" content="Committente: Università degli Studi dell&#039;Insubria - Varese Ideazione della mostra: Andrea Spiriti e Massimiliano Ferrario Coordinamento: Massimiliano Ferrario Testi: Laura Facchin, Massimiliano Ferrario, Andrea Spiriti  96 pagine formato 15x21 cm, dorso 0,8 cm copertina morbida lingua: italiano  Versione PDF (libro stampato non disponibile)  © 2023 Editris duemila snc, Torino ISBN-9788889853733" />
<meta property="og:url" content="http://www.editris2000.it/?product=antonio-pizzolante-haiku-o-la-forma-del-vuoto" />
<meta property="og:site_name" content="Editris2000" />
<meta property="article:modified_time" content="2024-10-31T13:25:46+00:00" />
<meta property="og:image" content="http://www.editris2000.it/wp-content/uploads/2024/10/pizzolante_pdf.jpg" />
	<meta property="og:image:width" content="698" />
	<meta property="og:image:height" content="622" />
	<meta property="og:image:type" content="image/jpeg" />
<meta name="twitter:card" content="summary_large_image" />
<meta name="twitter:label1" content="Tempo di lettura stimato" />
	<meta name="twitter:data1" content="2 minuti" />
<script type="application/ld+json" class="yoast-schema-graph">{"@context":"https://schema.org","@graph":[{"@type":"WebPage","@id":"http://www.editris2000.it/?product=antonio-pizzolante-haiku-o-la-forma-del-vuoto","url":"http://www.editris2000.it/?product=antonio-pizzolante-haiku-o-la-forma-del-vuoto","name":"Antonio Pizzolante Haiku o la forma del vuoto - Editris2000","isPartOf":{"@id":"http://www.editris2000.it/#website"},"datePublished":"2023-05-15T13:12:23+00:00","dateModified":"2024-10-31T13:25:46+00:00","breadcrumb":{"@id":"http://www.editris2000.it/?product=antonio-pizzolante-haiku-o-la-forma-del-vuoto#breadcrumb"},"inLanguage":"it-IT","potentialAction":[{"@type":"ReadAction","target":["http://www.editris2000.it/?product=antonio-pizzolante-haiku-o-la-forma-del-vuoto"]}]},{"@type":"BreadcrumbList","@id":"http://www.editris2000.it/?product=antonio-pizzolante-haiku-o-la-forma-del-vuoto#breadcrumb","itemListElement":[{"@type":"ListItem","position":1,"name":"Home","item":"http://www.editris2000.it/"},{"@type":"ListItem","position":2,"name":"Shop","item":"http://www.editris2000.it/?page_id=253"},{"@type":"ListItem","position":3,"name":"Antonio Pizzolante Haiku o la forma del vuoto"}]},{"@type":"WebSite","@id":"http://www.editris2000.it/#website","url":"http://www.editris2000.it/","name":"Editris2000","description":"Editori a Torino dal 1980","potentialAction":[{"@type":"SearchAction","target":{"@type":"EntryPoint","urlTemplate":"http://www.editris2000.it/?s={search_term_string}"},"query-input":"required name=search_term_string"}],"inLanguage":"it-IT"}]}</script>
<!-- / Yoast SEO plugin. -->

Committente: Università degli Studi dell'Insubria - Varese Ideazione della mostra: Andrea Spiriti e Massimiliano Ferrario Coordinamento: Massimiliano Ferrario Testi: Laura Facchin, Massimiliano Ferrario, Andrea Spiriti  96 pagine formato 15x21 cm, dorso 0,8 cm copertina morbida lingua: italiano  Versione PDF (libro stampato non disponibile)  © 2023 Editris duemila snc, Torino ISBN-9788889853733
