{"id":342,"date":"2018-05-14T09:44:06","date_gmt":"2018-05-14T09:44:06","guid":{"rendered":"http:\/\/www.editris2000.it\/?post_type=product&#038;p=342"},"modified":"2021-01-25T14:14:23","modified_gmt":"2021-01-25T14:14:23","slug":"biella","status":"publish","type":"product","link":"https:\/\/www.editris2000.it\/?product=biella","title":{"rendered":"Biella"},"content":{"rendered":"<p>Questa guida turistica presenta percorsi differenziati utili a chi desideri visitare la citt\u00e0 e i dintorni. Sono descritte dettagliatamente tutte le evidenze storico-artistiche e la guida \u00e8 riccamente illustrata e munita di cartografia, piante di monumenti, curiosit\u00e0 e suggerimenti sugli itinerari di visita da percorrere nel centro storico e nei territori circostanti. Informazioni legate all\u2019enogastronomia, all\u2019accoglienza e all\u2019artigianato locale ne completano la struttura. Vengono inoltre segnalati i livelli di difficolt\u00e0 per l\u2019accesso ai disabili e i riferimenti GPS dei vari punti di interesse.<\/p>\n<p><strong>Indice<\/strong><\/p>\n<p>&#8211; La storia<\/p>\n<p><em>Itinerario 1. Biella Piano<\/em><br \/>\n&#8211; Basilica di San Sebastiano<br \/>\n&#8211; Museo del Territorio Biellese<br \/>\n&#8211; Ex Lanificio-scuola Felice Piacenza<br \/>\n&#8211; Villa Schneider<br \/>\n&#8211; Istituto Commerciale Eugenio Bona<br \/>\n&#8211; Giardini Zumaglini &#8211; Ufficio Turismo<br \/>\n&#8211; Via Italia<br \/>\n&#8211; Chiesa della Santissima Trinit\u00e0<br \/>\n&#8211; Seminario vescovile<br \/>\n&#8211; Piazza del Duomo<br \/>\n&#8211; Duomo<br \/>\n&#8211; Battistero<br \/>\n&#8211; Palazzo Oropa<br \/>\n&#8211; Confraternita di San Cassiano in Riva<br \/>\n&#8211; Teatro Sociale<br \/>\n&#8211; Chiesa di San Filippo<\/p>\n<p><em>Escursioni fuori citt\u00e0<\/em><br \/>\n&#8211; Il Santuario di San Giovanni d\u2019Andorno<br \/>\n&#8211; Il magnifico Palazzo dei Principi Ferrero Fieschi di Masserano<br \/>\n&#8211; Castellengo<\/p>\n<p><em>Itinerario 2. Biella Piazzo<\/em><br \/>\n&#8211; Oratorio di San Rocco<br \/>\n&#8211; Via Amedeo Avogadro<br \/>\n&#8211; Confraternita di Sant\u2019Anna<br \/>\n&#8211; Palazzo Scaglia<br \/>\n&#8211; Casa Teccio<br \/>\n&#8211; Palazzo dei Principi Dal Pozzo della Cisterna<br \/>\n&#8211; Antico Palazzo del Comune<br \/>\n&#8211; Parrocchiale di San Giacomo<br \/>\n&#8211; Palazzo Gromo di Ternengo<br \/>\n&#8211; Vicolo San Giacomo<br \/>\n&#8211; Quartiere del Bellone<br \/>\n&#8211; Palazzo dei Marchesi della Marmora<br \/>\n&#8211; Oratorio del Santissimo Sudario<br \/>\n&#8211; Palazzo ex Gromo Losa di Prarolo, ora della Fondazione Cassa di Risparmio<br \/>\n&#8211; Palazzo Ferrero<br \/>\n&#8211; Complesso Poma<br \/>\n&#8211; Casa Fantone<br \/>\n&#8211; Monastero di Santa Caterina<\/p>\n<p><em>Itinerario 3. Il Vernato e le colline biellesi<\/em><br \/>\n&#8211; Parrocchiale di San Biagio<br \/>\n&#8211; Casa Masserano<br \/>\n&#8211; Casa della Sindone<br \/>\n&#8211; Citt\u00e0 Studi<br \/>\n&#8211; Santuario di Graglia<br \/>\n&#8211; Sordevolo<br \/>\n&#8211; Oratorio di Santa Marta<br \/>\n&#8211; Museo della Passione di Sordevolo<br \/>\n&#8211; Chiesa parrocchiale 1<br \/>\n&#8211; Pollone<br \/>\n&#8211; Parco Burcina<br \/>\n&#8211; Occhieppo Inferiore<br \/>\n&#8211; Chiesa di San Clemente<br \/>\n&#8211; Cascina San Clemente<br \/>\n&#8211; Palazzo Boglietti<\/p>\n<p><em>Itinerario 4. Il Santuario di Oropa<\/em><br \/>\n&#8211; Basilica antica<br \/>\n&#8211; Museo dei Tesori di Oropa<br \/>\n&#8211; Appartamento reale<br \/>\n&#8211; Basilica grande<br \/>\n&#8211; Sacro Monte<br \/>\n&#8211; Cimitero monumentale<br \/>\n&#8211; Giardino botanico<\/p>\n<p><em>Itinerario 5. Il circondario<\/em><br \/>\n&#8211; Benna<br \/>\n&#8211; Candelo<br \/>\n&#8211; Sandigliano<br \/>\n&#8211; Gaglianico<br \/>\n&#8211; Ponderano<br \/>\n&#8211; Cerrione<br \/>\n&#8211; Vermogno<br \/>\n&#8211; Mongrando<\/p>\n<p>&#8211; Enogastronomia<br \/>\n&#8211; I Golf Club biellesi<br \/>\n&#8211; Shopping di qualit\u00e0<br \/>\n&#8211; Schede biografiche<\/p>\n","protected":false},"excerpt":{"rendered":"<p><span style=\"color: #4274bb;\"><strong>Guida turistica, citt\u00e0 e dintorni<\/strong><\/span><br \/>\nautore Claudia Ghiraldello<br \/>\n224 pagine a colori<br \/>\nformato 12\u00d721 cm, dorso 2,2 cm<br \/>\ncopertina morbida con alette<br \/>\nlingua italiano<br \/>\n<span style=\"color: #4274bb;\"><a href=\"http:\/\/www.editris2000.it\/?page_id=574\"><span style=\"color: #4274bb;\"><strong>Book Gallery<\/strong><\/span><\/a> <\/span><br \/>\n[vc_separator type=&#8221;transparent&#8221; up=&#8221;2&#8243;]<br \/>\n\u00a9 2008 Editris duemila snc<br \/>\nISBN-9788889853092<\/p>\n","protected":false},"featured_media":455,"comment_status":"open","ping_status":"closed","template":"","meta":[],"product_cat":[55],"product_tag":[],"yoast_head":"<!-- This site is optimized with the Yoast SEO plugin v20.9 - https:\/\/yoast.com\/wordpress\/plugins\/seo\/ -->\n<title>Biella - Editris2000<\/title>\n<meta name=\"robots\" content=\"index, follow, max-snippet:-1, max-image-preview:large, max-video-preview:-1\" \/>\n<link rel=\"canonical\" href=\"https:\/\/www.editris2000.it\/?product=biella\" \/>\n<meta property=\"og:locale\" content=\"it_IT\" \/>\n<meta property=\"og:type\" content=\"article\" \/>\n<meta property=\"og:title\" content=\"Biella - Editris2000\" \/>\n<meta property=\"og:description\" content=\"Guida turistica, citt\u00e0 e dintorni autore Claudia Ghiraldello 224 pagine a colori formato 12\u00d721 cm, dorso 2,2 cm copertina morbida con alette lingua italiano Book Gallery  [vc_separator type=&quot;transparent&quot; up=&quot;2&quot;] \u00a9 2008 Editris duemila snc ISBN-9788889853092\" \/>\n<meta property=\"og:url\" content=\"https:\/\/www.editris2000.it\/?product=biella\" \/>\n<meta property=\"og:site_name\" content=\"Editris2000\" \/>\n<meta property=\"article:modified_time\" content=\"2021-01-25T14:14:23+00:00\" \/>\n<meta property=\"og:image\" content=\"https:\/\/www.editris2000.it\/wp-content\/uploads\/2018\/05\/editris-guida-di-biella-claudia-ghiraldello2.jpg\" \/>\n\t<meta property=\"og:image:width\" content=\"698\" \/>\n\t<meta property=\"og:image:height\" content=\"622\" \/>\n\t<meta property=\"og:image:type\" content=\"image\/jpeg\" \/>\n<meta name=\"twitter:card\" content=\"summary_large_image\" \/>\n<meta name=\"twitter:label1\" content=\"Tempo di lettura stimato\" \/>\n\t<meta name=\"twitter:data1\" content=\"2 minuti\" \/>\n<script type=\"application\/ld+json\" class=\"yoast-schema-graph\">{\"@context\":\"https:\/\/schema.org\",\"@graph\":[{\"@type\":\"WebPage\",\"@id\":\"https:\/\/www.editris2000.it\/?product=biella\",\"url\":\"https:\/\/www.editris2000.it\/?product=biella\",\"name\":\"Biella - Editris2000\",\"isPartOf\":{\"@id\":\"https:\/\/www.editris2000.it\/#website\"},\"datePublished\":\"2018-05-14T09:44:06+00:00\",\"dateModified\":\"2021-01-25T14:14:23+00:00\",\"breadcrumb\":{\"@id\":\"https:\/\/www.editris2000.it\/?product=biella#breadcrumb\"},\"inLanguage\":\"it-IT\",\"potentialAction\":[{\"@type\":\"ReadAction\",\"target\":[\"https:\/\/www.editris2000.it\/?product=biella\"]}]},{\"@type\":\"BreadcrumbList\",\"@id\":\"https:\/\/www.editris2000.it\/?product=biella#breadcrumb\",\"itemListElement\":[{\"@type\":\"ListItem\",\"position\":1,\"name\":\"Home\",\"item\":\"https:\/\/www.editris2000.it\/\"},{\"@type\":\"ListItem\",\"position\":2,\"name\":\"Shop\",\"item\":\"https:\/\/www.editris2000.it\/?page_id=253\"},{\"@type\":\"ListItem\",\"position\":3,\"name\":\"Biella\"}]},{\"@type\":\"WebSite\",\"@id\":\"https:\/\/www.editris2000.it\/#website\",\"url\":\"https:\/\/www.editris2000.it\/\",\"name\":\"Editris2000\",\"description\":\"Editori a Torino dal 1980\",\"potentialAction\":[{\"@type\":\"SearchAction\",\"target\":{\"@type\":\"EntryPoint\",\"urlTemplate\":\"https:\/\/www.editris2000.it\/?s={search_term_string}\"},\"query-input\":\"required name=search_term_string\"}],\"inLanguage\":\"it-IT\"}]}<\/script>\n<!-- \/ Yoast SEO plugin. -->","yoast_head_json":{"title":"Biella - Editris2000","robots":{"index":"index","follow":"follow","max-snippet":"max-snippet:-1","max-image-preview":"max-image-preview:large","max-video-preview":"max-video-preview:-1"},"canonical":"https:\/\/www.editris2000.it\/?product=biella","og_locale":"it_IT","og_type":"article","og_title":"Biella - Editris2000","og_description":"Guida turistica, citt\u00e0 e dintorni autore Claudia Ghiraldello 224 pagine a colori formato 12\u00d721 cm, dorso 2,2 cm copertina morbida con alette lingua italiano Book Gallery  [vc_separator type=\"transparent\" up=\"2\"] \u00a9 2008 Editris duemila snc ISBN-9788889853092","og_url":"https:\/\/www.editris2000.it\/?product=biella","og_site_name":"Editris2000","article_modified_time":"2021-01-25T14:14:23+00:00","og_image":[{"width":698,"height":622,"url":"https:\/\/www.editris2000.it\/wp-content\/uploads\/2018\/05\/editris-guida-di-biella-claudia-ghiraldello2.jpg","type":"image\/jpeg"}],"twitter_card":"summary_large_image","twitter_misc":{"Tempo di lettura stimato":"2 minuti"},"schema":{"@context":"https:\/\/schema.org","@graph":[{"@type":"WebPage","@id":"https:\/\/www.editris2000.it\/?product=biella","url":"https:\/\/www.editris2000.it\/?product=biella","name":"Biella - Editris2000","isPartOf":{"@id":"https:\/\/www.editris2000.it\/#website"},"datePublished":"2018-05-14T09:44:06+00:00","dateModified":"2021-01-25T14:14:23+00:00","breadcrumb":{"@id":"https:\/\/www.editris2000.it\/?product=biella#breadcrumb"},"inLanguage":"it-IT","potentialAction":[{"@type":"ReadAction","target":["https:\/\/www.editris2000.it\/?product=biella"]}]},{"@type":"BreadcrumbList","@id":"https:\/\/www.editris2000.it\/?product=biella#breadcrumb","itemListElement":[{"@type":"ListItem","position":1,"name":"Home","item":"https:\/\/www.editris2000.it\/"},{"@type":"ListItem","position":2,"name":"Shop","item":"https:\/\/www.editris2000.it\/?page_id=253"},{"@type":"ListItem","position":3,"name":"Biella"}]},{"@type":"WebSite","@id":"https:\/\/www.editris2000.it\/#website","url":"https:\/\/www.editris2000.it\/","name":"Editris2000","description":"Editori a Torino dal 1980","potentialAction":[{"@type":"SearchAction","target":{"@type":"EntryPoint","urlTemplate":"https:\/\/www.editris2000.it\/?s={search_term_string}"},"query-input":"required name=search_term_string"}],"inLanguage":"it-IT"}]}},"_links":{"self":[{"href":"https:\/\/www.editris2000.it\/index.php?rest_route=\/wp\/v2\/product\/342"}],"collection":[{"href":"https:\/\/www.editris2000.it\/index.php?rest_route=\/wp\/v2\/product"}],"about":[{"href":"https:\/\/www.editris2000.it\/index.php?rest_route=\/wp\/v2\/types\/product"}],"replies":[{"embeddable":true,"href":"https:\/\/www.editris2000.it\/index.php?rest_route=%2Fwp%2Fv2%2Fcomments&post=342"}],"wp:featuredmedia":[{"embeddable":true,"href":"https:\/\/www.editris2000.it\/index.php?rest_route=\/wp\/v2\/media\/455"}],"wp:attachment":[{"href":"https:\/\/www.editris2000.it\/index.php?rest_route=%2Fwp%2Fv2%2Fmedia&parent=342"}],"wp:term":[{"taxonomy":"product_cat","embeddable":true,"href":"https:\/\/www.editris2000.it\/index.php?rest_route=%2Fwp%2Fv2%2Fproduct_cat&post=342"},{"taxonomy":"product_tag","embeddable":true,"href":"https:\/\/www.editris2000.it\/index.php?rest_route=%2Fwp%2Fv2%2Fproduct_tag&post=342"}],"curies":[{"name":"wp","href":"https:\/\/api.w.org\/{rel}","templated":true}]}}